the highest common factor of 5 and 695895.
5
Calculate the highest common divisor of 238 and 3621646.
238
Calculate the highest common divisor of 249447 and 11.
11
What is the greatest common factor of 35 and 1290?
5
Calculate the greatest common factor of 3570 and 56294.
14
Calculate the highest common factor of 131516 and 224224.
2156
Calculate the highest common factor of 189 and 1836.
27
What is the greatest common factor of 77 and 55561?
11
Calculate the highest common divisor of 666583 and 2077.
67
Calculate the greatest common divisor of 126 and 13698.
18
Calculate the greatest common factor of 471156 and 420.
84
Calculate the greatest common factor of 5394 and 11136.
174
What is the greatest common divisor of 15710 and 170?
10
Calculate the greatest common factor of 298 and 206961.
149
Calculate the greatest common divisor of 393 and 351473.
131
What is the highest common factor of 13 and 3962803?
13
Calculate the greatest common divisor of 4949 and 392.
49
What is the greatest common divisor of 20 and 376940?
20
Calculate the highest common factor of 874 and 6232.
38
What is the highest common divisor of 2196 and 101565?
549
What is the greatest common factor of 116 and 131660?
116
Calculate the greatest common factor of 2228 and 495173.
557
What is the greatest common factor of 420 and 840700?
140
What is the greatest common factor of 4348 and 4?
4
What is the greatest common factor of 1881936 and 1344?
336
What is the highest common divisor of 598 and 1183442?
598
Calculate the greatest common factor of 6332 and 532.
4
What is the greatest common factor of 92 and 33695?
23
Calculate the highest common divisor of 43180 and 34.
34
Calculate the highest common factor of 87231 and 3.
3
Calculate the highest common divisor of 41118 and 8188.
178
What is the highest common divisor of 361 and 13433532?
361
Calculate the highest common divisor of 567600 and 16.
16
Calculate the highest common divisor of 5088 and 13833.
159
Calculate the greatest common factor of 13530 and 1639.
11
Calculate the greatest common divisor of 2816 and 182688.
352
Calculate the greatest common factor of 80 and 261808.
16
Calculate the greatest common divisor of 14 and 111167.
7
Calculate the highest common factor of 1780 and 6120.
20
Calculate the greatest common divisor of 1743 and 1219104.
249
What is the greatest common factor of 216 and 539040?
24
Calculate the highest common divisor of 5894 and 602.
14
Calculate the greatest common divisor of 9190021 and 1021.
1021
What is the highest common divisor of 63 and 10122?
21
What is the greatest common divisor of 4 and 31028?
4
What is the greatest common factor of 105 and 386085?
105
What is the highest common divisor of 83 and 1206820?
83
Calculate the greatest common factor of 3158210 and 110.
110
Calculate the highest common divisor of 12625 and 38380.
505
What is the highest common factor of 207 and 151271?
23
Calculate the highest common factor of 16 and 3461360.
16
What is the greatest common factor of 455 and 1232140?
455
Calculate the greatest common factor of 54 and 232794.
54
Calculate the highest common divisor of 8358 and 3066.
42
What is the highest common divisor of 1800 and 162?
18
What is the highest common divisor of 510 and 14360?
10
Calculate the greatest common divisor of 20196 and 972.
108
What is the highest common divisor of 1308 and 1036?
4
What is the highest common divisor of 1338 and 4446?
6
What is the greatest common factor of 999 and 404541?
27
What is the highest common factor of 26 and 56342?
26
What is the greatest common divisor of 123 and 99999?
123
Calculate the greatest common factor of 3665 and 2955.
5
What is the greatest common divisor of 3936 and 3156?
12
What is the highest common divisor of 1257 and 1390661?
419
Calculate the greatest common factor of 198 and 44264.
22
Calculate the highest common factor of 4704 and 24.
24
Calculate the highest common divisor of 332 and 2484854.
166
Calculate the greatest common factor of 306794 and 422.
422
What is the highest common factor of 908642 and 246?
82
What is the highest common factor of 3528 and 775719?
441
Calculate the greatest common factor of 3952 and 25232.
304
Calculate the greatest common divisor of 1732912 and 48.
16
What is the greatest common factor of 1616 and 11817?
101
Calculate the greatest common factor of 694046 and 996.
166
Calculate the greatest common factor of 2628 and 115048.
292
What is the highest common divisor of 520 and 7592?
104
Calculate the greatest common factor of 1407 and 81711.
21
What is the greatest common divisor of 16092 and 20860?
596
What is the highest common factor of 32452 and 50386?
854
What is the highest common factor of 84 and 282450?
42
Calculate the greatest common divisor of 129 and 336561.
129
What is the highest common divisor of 1951649 and 14?
7
Calculate the highest common divisor of 34918 and 1989.
221
What is the greatest common factor of 3118887 and 9?
9
What is the highest common divisor of 50 and 384170?
10
Calculate the greatest common divisor of 16268 and 1764.
196
What is the greatest common divisor of 303 and 142309?
101
Calculate the greatest common factor of 537795 and 296.
37
What is the greatest common divisor of 985 and 49447?
197
Calculate the greatest common divisor of 8611 and 3488.
109
What is the highest common factor of 1635671 and 67?
67
What is the highest common factor of 99751 and 115?
23
Calculate the greatest common divisor of 366 and 840.
6
Calculate the greatest common factor of 85728 and 16.
16
Calculate the highest common factor of 335 and 875.
5
Calculate the greatest common divisor of 1251408 and 32.
16
Calculate the greatest common divisor of 64 and 2479936.
64
Calculate the greatest common divisor of 2350 and 1350.
50
What is the greatest common divisor of 35955 and 135?
45
Calculate the greatest common divisor of 117 and 71188.
13
What is the highest common divisor of 3168 and 5940?
396
Calculate the greatest common divisor of 208 and 300944.
16
Calculate the greatest common divisor of 28451 and 69.
23
Calculate the greatest common factor of 39723 and 21.
3
What is the greatest common factor of 1419 and 5160?
129
Calculate the greatest common divisor of 406460 and 220.
20
Calculate the greatest common divisor of 16563 and 17.
1
What is the highest common factor of 96 and 8096?
32
What is the greatest common factor of 476 and 5418070?
238
What is the greatest common divisor of 2882 and 34606?
22
What is the greatest common divisor of 9622 and 8687?
17
What is the highest common factor of 33 and 4217?
1
What is the highest common divisor of 4352 and 901?
17
What is the highest common divisor of 19737 and 63?
9
What is the greatest common factor of 5008 and 481394?
626
What is the highest common factor of 33804 and 63?
9
What is the highest common divisor of 1170 and 395928?
234
What is the greatest common factor of 79 and 56011?
79
What is the greatest common divisor of 161629 and 91?
13
Calculate the highest common factor of 1808 and 452.
452
Calculate the greatest common divisor of 20672 and 704.
64
Calculate the greatest common divisor of 108 and 23724.
36
Calculate the greatest common factor of 297865 and 205.
205
Calculate the greatest common factor of 93429 and 6237.
63
Calculate the greatest common factor of 667 and 69.
23
Calculate the greatest common divisor of 38016 and 8802.
54
Calculate the greatest common factor of 612 and 534.
6
Calculate the greatest common divisor of 153330 and 2565.
285
What is the greatest common divisor of 164810 and 30?
10
Calculate the highest common divisor of 1160 and 320.
40
Calculate the greatest common divisor of 11622 and 43368.
78
Calculate the highest common divisor of 165 and 161337.
33
What is the greatest common divisor of 546 and 58002?
42
Calculate the greatest common factor of 39478 and 24.
2
Calculate the highest common factor of 733163 and 587.
587
Calculate the greatest common divisor of 50358 and 3.
3
What is the greatest common divisor of 162972 and 153?
9
Calculate the greatest common factor of 6014 and 1550.
62
What is the greatest common factor of 2664 and 1308?
12
What is the highest common divisor of 57 and 322943?
19
Calculate the greatest common divisor of 2023 and 4913.
